{"id":590,"date":"2024-03-19T21:20:50","date_gmt":"2024-03-19T20:20:50","guid":{"rendered":"https:\/\/wilgomtelecomunicaciones.site\/?page_id=590"},"modified":"2024-04-02T16:44:53","modified_gmt":"2024-04-02T14:44:53","slug":"proteccion-en-linea","status":"publish","type":"page","link":"https:\/\/wilgomtelecomunicaciones.site\/index.php\/proteccion-en-linea\/","title":{"rendered":"Protecci\u00f3n en Linea"},"content":{"rendered":"\t\t<div data-elementor-type=\"wp-page\" data-elementor-id=\"590\" class=\"elementor elementor-590\" data-elementor-post-type=\"page\">\n\t\t\t\t\t\t<section class=\"elementor-section elementor-top-section elementor-element elementor-element-ab1a332 elementor-section-full_width elementor-section-height-default elementor-section-height-default\" data-id=\"ab1a332\" data-element_type=\"section\">\n\t\t\t\t\t\t<div class=\"elementor-container elementor-column-gap-default\">\n\t\t\t\t\t<div class=\"elementor-column elementor-col-50 elementor-top-column elementor-element elementor-element-25a1799\" data-id=\"25a1799\" data-element_type=\"column\">\n\t\t\t<div class=\"elementor-widget-wrap elementor-element-populated\">\n\t\t\t\t\t\t<div class=\"elementor-element elementor-element-b2d96e7 elementor-widget elementor-widget-image\" data-id=\"b2d96e7\" data-element_type=\"widget\" data-widget_type=\"image.default\">\n\t\t\t\t<div class=\"elementor-widget-container\">\n\t\t\t<style>\/*! elementor - v3.19.0 - 29-01-2024 *\/\n.elementor-widget-image{text-align:center}.elementor-widget-image a{display:inline-block}.elementor-widget-image a img[src$=\".svg\"]{width:48px}.elementor-widget-image img{vertical-align:middle;display:inline-block}<\/style>\t\t\t\t\t\t\t\t\t\t<img fetchpriority=\"high\" decoding=\"async\" width=\"2974\" height=\"1209\" src=\"https:\/\/wilgomtelecomunicaciones.site\/wp-content\/uploads\/2024\/02\/WILGOM.1__1_-removebg.png\" class=\"attachment-full size-full wp-image-67\" alt=\"\" srcset=\"https:\/\/wilgomtelecomunicaciones.site\/wp-content\/uploads\/2024\/02\/WILGOM.1__1_-removebg.png 2974w, https:\/\/wilgomtelecomunicaciones.site\/wp-content\/uploads\/2024\/02\/WILGOM.1__1_-removebg-300x122.png 300w, https:\/\/wilgomtelecomunicaciones.site\/wp-content\/uploads\/2024\/02\/WILGOM.1__1_-removebg-1024x416.png 1024w, https:\/\/wilgomtelecomunicaciones.site\/wp-content\/uploads\/2024\/02\/WILGOM.1__1_-removebg-768x312.png 768w, https:\/\/wilgomtelecomunicaciones.site\/wp-content\/uploads\/2024\/02\/WILGOM.1__1_-removebg-1536x624.png 1536w, https:\/\/wilgomtelecomunicaciones.site\/wp-content\/uploads\/2024\/02\/WILGOM.1__1_-removebg-2048x833.png 2048w\" sizes=\"(max-width: 2974px) 100vw, 2974px\" \/>\t\t\t\t\t\t\t\t\t\t\t\t\t<\/div>\n\t\t\t\t<\/div>\n\t\t\t\t\t<\/div>\n\t\t<\/div>\n\t\t\t\t<div class=\"elementor-column elementor-col-50 elementor-top-column elementor-element elementor-element-aceb287\" data-id=\"aceb287\" data-element_type=\"column\">\n\t\t\t<div class=\"elementor-widget-wrap elementor-element-populated\">\n\t\t\t\t\t\t<div class=\"elementor-element elementor-element-77fc34d elementor-nav-menu__align-center elementor-nav-menu--dropdown-tablet elementor-nav-menu__text-align-aside elementor-nav-menu--toggle elementor-nav-menu--burger elementor-widget elementor-widget-nav-menu\" data-id=\"77fc34d\" data-element_type=\"widget\" data-settings=\"{&quot;submenu_icon&quot;:{&quot;value&quot;:&quot;&lt;svg class=\\&quot;e-font-icon-svg e-fas-angle-down\\&quot; viewBox=\\&quot;0 0 320 512\\&quot; xmlns=\\&quot;http:\\\/\\\/www.w3.org\\\/2000\\\/svg\\&quot;&gt;&lt;path d=\\&quot;M143 352.3L7 216.3c-9.4-9.4-9.4-24.6 0-33.9l22.6-22.6c9.4-9.4 24.6-9.4 33.9 0l96.4 96.4 96.4-96.4c9.4-9.4 24.6-9.4 33.9 0l22.6 22.6c9.4 9.4 9.4 24.6 0 33.9l-136 136c-9.2 9.4-24.4 9.4-33.8 0z\\&quot;&gt;&lt;\\\/path&gt;&lt;\\\/svg&gt;&quot;,&quot;library&quot;:&quot;fa-solid&quot;},&quot;layout&quot;:&quot;horizontal&quot;,&quot;toggle&quot;:&quot;burger&quot;}\" data-widget_type=\"nav-menu.default\">\n\t\t\t\t<div class=\"elementor-widget-container\">\n\t\t\t<link rel=\"stylesheet\" href=\"https:\/\/wilgomtelecomunicaciones.site\/wp-content\/plugins\/pro-elements\/assets\/css\/widget-nav-menu.min.css\">\t\t\t<nav class=\"elementor-nav-menu--main elementor-nav-menu__container elementor-nav-menu--layout-horizontal e--pointer-overline e--animation-fade\">\n\t\t\t\t<ul id=\"menu-1-77fc34d\" class=\"elementor-nav-menu\"><li class=\"menu-item menu-item-type-post_type menu-item-object-page menu-item-home menu-item-498\"><a href=\"https:\/\/wilgomtelecomunicaciones.site\/\" class=\"elementor-item\">Inicio<\/a><\/li>\n<li class=\"menu-item menu-item-type-post_type menu-item-object-page menu-item-562\"><a href=\"https:\/\/wilgomtelecomunicaciones.site\/index.php\/nosotros\/\" class=\"elementor-item\">Nosotros<\/a><\/li>\n<li class=\"menu-item menu-item-type-custom menu-item-object-custom menu-item-home menu-item-has-children menu-item-500\"><a href=\"https:\/\/wilgomtelecomunicaciones.site\/\" class=\"elementor-item\">Atenci\u00f3n al Cliente<\/a>\n<ul class=\"sub-menu elementor-nav-menu--dropdown\">\n\t<li class=\"menu-item menu-item-type-post_type menu-item-object-page menu-item-499\"><a href=\"https:\/\/wilgomtelecomunicaciones.site\/index.php\/formulario-pqrs\/\" class=\"elementor-sub-item\">Formulario PQRS<\/a><\/li>\n\t<li class=\"menu-item menu-item-type-post_type menu-item-object-page menu-item-511\"><a href=\"https:\/\/wilgomtelecomunicaciones.site\/index.php\/servicio-al-cliente\/\" class=\"elementor-sub-item\">Servicio Al Cliente<\/a><\/li>\n\t<li class=\"menu-item menu-item-type-post_type menu-item-object-page menu-item-523\"><a href=\"https:\/\/wilgomtelecomunicaciones.site\/index.php\/ventas-2\/\" class=\"elementor-sub-item\">Ventas<\/a><\/li>\n\t<li class=\"menu-item menu-item-type-post_type menu-item-object-page menu-item-546\"><a href=\"https:\/\/wilgomtelecomunicaciones.site\/index.php\/pagos\/\" class=\"elementor-sub-item\">Pagos<\/a><\/li>\n\t<li class=\"menu-item menu-item-type-custom menu-item-object-custom menu-item-530\"><a href=\"https:\/\/www.speedtest.net\/es\" class=\"elementor-sub-item\">Test de Velocidad<\/a><\/li>\n<\/ul>\n<\/li>\n<li class=\"menu-item menu-item-type-custom menu-item-object-custom menu-item-home menu-item-has-children menu-item-547\"><a href=\"https:\/\/wilgomtelecomunicaciones.site\/\" class=\"elementor-item\">Normatividad<\/a>\n<ul class=\"sub-menu elementor-nav-menu--dropdown\">\n\t<li class=\"menu-item menu-item-type-post_type menu-item-object-page menu-item-574\"><a href=\"https:\/\/wilgomtelecomunicaciones.site\/index.php\/ciberseguridad\/\" class=\"elementor-sub-item\">Ciberseguridad<\/a><\/li>\n\t<li class=\"menu-item menu-item-type-post_type menu-item-object-page menu-item-583\"><a href=\"https:\/\/wilgomtelecomunicaciones.site\/index.php\/politica-de-tratamiento-de-datos-personales\/\" class=\"elementor-sub-item\">Pol\u00edtica de Tratamiento de Datos Personales<\/a><\/li>\n\t<li class=\"menu-item menu-item-type-post_type menu-item-object-page menu-item-595\"><a href=\"https:\/\/wilgomtelecomunicaciones.site\/index.php\/proteccion-en-linea\/\" class=\"elementor-sub-item\">Protecci\u00f3n en Linea<\/a><\/li>\n\t<li class=\"menu-item menu-item-type-post_type menu-item-object-page menu-item-659\"><a href=\"https:\/\/wilgomtelecomunicaciones.site\/index.php\/regimen-proteccion-al-usuario\/\" class=\"elementor-sub-item\">R\u00e9gimen de Protecci\u00f3n al Usuario<\/a><\/li>\n\t<li class=\"menu-item menu-item-type-post_type menu-item-object-page menu-item-673\"><a href=\"https:\/\/wilgomtelecomunicaciones.site\/index.php\/contrato-de-servicios-fijos\/\" class=\"elementor-sub-item\">Contrato de Servicios Fijos<\/a><\/li>\n\t<li class=\"menu-item menu-item-type-post_type menu-item-object-page menu-item-683\"><a href=\"https:\/\/wilgomtelecomunicaciones.site\/index.php\/cobertura\/\" class=\"elementor-sub-item\">Cobertura<\/a><\/li>\n<\/ul>\n<\/li>\n<li class=\"menu-item menu-item-type-post_type menu-item-object-page menu-item-696\"><a href=\"https:\/\/wilgomtelecomunicaciones.site\/index.php\/contactanos\/\" class=\"elementor-item\">Cont\u00e1ctanos<\/a><\/li>\n<\/ul>\t\t\t<\/nav>\n\t\t\t\t\t<div class=\"elementor-menu-toggle\" role=\"button\" tabindex=\"0\" aria-label=\"Menu Toggle\" aria-expanded=\"false\">\n\t\t\t<svg aria-hidden=\"true\" role=\"presentation\" class=\"elementor-menu-toggle__icon--open e-font-icon-svg e-eicon-menu-bar\" viewBox=\"0 0 1000 1000\" xmlns=\"http:\/\/www.w3.org\/2000\/svg\"><path d=\"M104 333H896C929 333 958 304 958 271S929 208 896 208H104C71 208 42 237 42 271S71 333 104 333ZM104 583H896C929 583 958 554 958 521S929 458 896 458H104C71 458 42 487 42 521S71 583 104 583ZM104 833H896C929 833 958 804 958 771S929 708 896 708H104C71 708 42 737 42 771S71 833 104 833Z\"><\/path><\/svg><svg aria-hidden=\"true\" role=\"presentation\" class=\"elementor-menu-toggle__icon--close e-font-icon-svg e-eicon-close\" viewBox=\"0 0 1000 1000\" xmlns=\"http:\/\/www.w3.org\/2000\/svg\"><path d=\"M742 167L500 408 258 167C246 154 233 150 217 150 196 150 179 158 167 167 154 179 150 196 150 212 150 229 154 242 171 254L408 500 167 742C138 771 138 800 167 829 196 858 225 858 254 829L496 587 738 829C750 842 767 846 783 846 800 846 817 842 829 829 842 817 846 804 846 783 846 767 842 750 829 737L588 500 833 258C863 229 863 200 833 171 804 137 775 137 742 167Z\"><\/path><\/svg>\t\t\t<span class=\"elementor-screen-only\">Menu<\/span>\n\t\t<\/div>\n\t\t\t\t\t<nav class=\"elementor-nav-menu--dropdown elementor-nav-menu__container\" aria-hidden=\"true\">\n\t\t\t\t<ul id=\"menu-2-77fc34d\" class=\"elementor-nav-menu\"><li class=\"menu-item menu-item-type-post_type menu-item-object-page menu-item-home menu-item-498\"><a href=\"https:\/\/wilgomtelecomunicaciones.site\/\" class=\"elementor-item\" tabindex=\"-1\">Inicio<\/a><\/li>\n<li class=\"menu-item menu-item-type-post_type menu-item-object-page menu-item-562\"><a href=\"https:\/\/wilgomtelecomunicaciones.site\/index.php\/nosotros\/\" class=\"elementor-item\" tabindex=\"-1\">Nosotros<\/a><\/li>\n<li class=\"menu-item menu-item-type-custom menu-item-object-custom menu-item-home menu-item-has-children menu-item-500\"><a href=\"https:\/\/wilgomtelecomunicaciones.site\/\" class=\"elementor-item\" tabindex=\"-1\">Atenci\u00f3n al Cliente<\/a>\n<ul class=\"sub-menu elementor-nav-menu--dropdown\">\n\t<li class=\"menu-item menu-item-type-post_type menu-item-object-page menu-item-499\"><a href=\"https:\/\/wilgomtelecomunicaciones.site\/index.php\/formulario-pqrs\/\" class=\"elementor-sub-item\" tabindex=\"-1\">Formulario PQRS<\/a><\/li>\n\t<li class=\"menu-item menu-item-type-post_type menu-item-object-page menu-item-511\"><a href=\"https:\/\/wilgomtelecomunicaciones.site\/index.php\/servicio-al-cliente\/\" class=\"elementor-sub-item\" tabindex=\"-1\">Servicio Al Cliente<\/a><\/li>\n\t<li class=\"menu-item menu-item-type-post_type menu-item-object-page menu-item-523\"><a href=\"https:\/\/wilgomtelecomunicaciones.site\/index.php\/ventas-2\/\" class=\"elementor-sub-item\" tabindex=\"-1\">Ventas<\/a><\/li>\n\t<li class=\"menu-item menu-item-type-post_type menu-item-object-page menu-item-546\"><a href=\"https:\/\/wilgomtelecomunicaciones.site\/index.php\/pagos\/\" class=\"elementor-sub-item\" tabindex=\"-1\">Pagos<\/a><\/li>\n\t<li class=\"menu-item menu-item-type-custom menu-item-object-custom menu-item-530\"><a href=\"https:\/\/www.speedtest.net\/es\" class=\"elementor-sub-item\" tabindex=\"-1\">Test de Velocidad<\/a><\/li>\n<\/ul>\n<\/li>\n<li class=\"menu-item menu-item-type-custom menu-item-object-custom menu-item-home menu-item-has-children menu-item-547\"><a href=\"https:\/\/wilgomtelecomunicaciones.site\/\" class=\"elementor-item\" tabindex=\"-1\">Normatividad<\/a>\n<ul class=\"sub-menu elementor-nav-menu--dropdown\">\n\t<li class=\"menu-item menu-item-type-post_type menu-item-object-page menu-item-574\"><a href=\"https:\/\/wilgomtelecomunicaciones.site\/index.php\/ciberseguridad\/\" class=\"elementor-sub-item\" tabindex=\"-1\">Ciberseguridad<\/a><\/li>\n\t<li class=\"menu-item menu-item-type-post_type menu-item-object-page menu-item-583\"><a href=\"https:\/\/wilgomtelecomunicaciones.site\/index.php\/politica-de-tratamiento-de-datos-personales\/\" class=\"elementor-sub-item\" tabindex=\"-1\">Pol\u00edtica de Tratamiento de Datos Personales<\/a><\/li>\n\t<li class=\"menu-item menu-item-type-post_type menu-item-object-page menu-item-595\"><a href=\"https:\/\/wilgomtelecomunicaciones.site\/index.php\/proteccion-en-linea\/\" class=\"elementor-sub-item\" tabindex=\"-1\">Protecci\u00f3n en Linea<\/a><\/li>\n\t<li class=\"menu-item menu-item-type-post_type menu-item-object-page menu-item-659\"><a href=\"https:\/\/wilgomtelecomunicaciones.site\/index.php\/regimen-proteccion-al-usuario\/\" class=\"elementor-sub-item\" tabindex=\"-1\">R\u00e9gimen de Protecci\u00f3n al Usuario<\/a><\/li>\n\t<li class=\"menu-item menu-item-type-post_type menu-item-object-page menu-item-673\"><a href=\"https:\/\/wilgomtelecomunicaciones.site\/index.php\/contrato-de-servicios-fijos\/\" class=\"elementor-sub-item\" tabindex=\"-1\">Contrato de Servicios Fijos<\/a><\/li>\n\t<li class=\"menu-item menu-item-type-post_type menu-item-object-page menu-item-683\"><a href=\"https:\/\/wilgomtelecomunicaciones.site\/index.php\/cobertura\/\" class=\"elementor-sub-item\" tabindex=\"-1\">Cobertura<\/a><\/li>\n<\/ul>\n<\/li>\n<li class=\"menu-item menu-item-type-post_type menu-item-object-page menu-item-696\"><a href=\"https:\/\/wilgomtelecomunicaciones.site\/index.php\/contactanos\/\" class=\"elementor-item\" tabindex=\"-1\">Cont\u00e1ctanos<\/a><\/li>\n<\/ul>\t\t\t<\/nav>\n\t\t\t\t<\/div>\n\t\t\t\t<\/div>\n\t\t\t\t\t<\/div>\n\t\t<\/div>\n\t\t\t\t\t<\/div>\n\t\t<\/section>\n\t\t\t\t<section class=\"elementor-section elementor-top-section elementor-element elementor-element-3e1da72 elementor-reverse-mobile elementor-section-boxed elementor-section-height-default elementor-section-height-default elementor-invisible\" data-id=\"3e1da72\" data-element_type=\"section\" data-settings=\"{&quot;background_background&quot;:&quot;classic&quot;,&quot;shape_divider_bottom&quot;:&quot;tilt&quot;,&quot;shape_divider_top&quot;:&quot;waves&quot;,&quot;animation&quot;:&quot;fadeIn&quot;}\">\n\t\t\t\t\t<div class=\"elementor-shape elementor-shape-top\" data-negative=\"false\">\n\t\t\t<svg xmlns=\"http:\/\/www.w3.org\/2000\/svg\" viewBox=\"0 0 1000 100\" preserveAspectRatio=\"none\">\n\t<path class=\"elementor-shape-fill\" d=\"M421.9,6.5c22.6-2.5,51.5,0.4,75.5,5.3c23.6,4.9,70.9,23.5,100.5,35.7c75.8,32.2,133.7,44.5,192.6,49.7\n\tc23.6,2.1,48.7,3.5,103.4-2.5c54.7-6,106.2-25.6,106.2-25.6V0H0v30.3c0,0,72,32.6,158.4,30.5c39.2-0.7,92.8-6.7,134-22.4\n\tc21.2-8.1,52.2-18.2,79.7-24.2C399.3,7.9,411.6,7.5,421.9,6.5z\"\/>\n<\/svg>\t\t<\/div>\n\t\t\t\t<div class=\"elementor-shape elementor-shape-bottom\" data-negative=\"false\">\n\t\t\t<svg xmlns=\"http:\/\/www.w3.org\/2000\/svg\" viewBox=\"0 0 1000 100\" preserveAspectRatio=\"none\">\n\t<path class=\"elementor-shape-fill\" d=\"M0,6V0h1000v100L0,6z\"\/>\n<\/svg>\t\t<\/div>\n\t\t\t\t\t<div class=\"elementor-container elementor-column-gap-default\">\n\t\t\t\t\t<div class=\"elementor-column elementor-col-100 elementor-top-column elementor-element elementor-element-07de16f\" data-id=\"07de16f\" data-element_type=\"column\">\n\t\t\t<div class=\"elementor-widget-wrap elementor-element-populated\">\n\t\t\t\t\t\t<div class=\"elementor-element elementor-element-2b78322 elementor-widget elementor-widget-spacer\" data-id=\"2b78322\" data-element_type=\"widget\" data-widget_type=\"spacer.default\">\n\t\t\t\t<div class=\"elementor-widget-container\">\n\t\t\t<style>\/*! elementor - v3.19.0 - 29-01-2024 *\/\n.elementor-column .elementor-spacer-inner{height:var(--spacer-size)}.e-con{--container-widget-width:100%}.e-con-inner>.elementor-widget-spacer,.e-con>.elementor-widget-spacer{width:var(--container-widget-width,var(--spacer-size));--align-self:var(--container-widget-align-self,initial);--flex-shrink:0}.e-con-inner>.elementor-widget-spacer>.elementor-widget-container,.e-con>.elementor-widget-spacer>.elementor-widget-container{height:100%;width:100%}.e-con-inner>.elementor-widget-spacer>.elementor-widget-container>.elementor-spacer,.e-con>.elementor-widget-spacer>.elementor-widget-container>.elementor-spacer{height:100%}.e-con-inner>.elementor-widget-spacer>.elementor-widget-container>.elementor-spacer>.elementor-spacer-inner,.e-con>.elementor-widget-spacer>.elementor-widget-container>.elementor-spacer>.elementor-spacer-inner{height:var(--container-widget-height,var(--spacer-size))}.e-con-inner>.elementor-widget-spacer.elementor-widget-empty,.e-con>.elementor-widget-spacer.elementor-widget-empty{position:relative;min-height:22px;min-width:22px}.e-con-inner>.elementor-widget-spacer.elementor-widget-empty .elementor-widget-empty-icon,.e-con>.elementor-widget-spacer.elementor-widget-empty .elementor-widget-empty-icon{position:absolute;top:0;bottom:0;left:0;right:0;margin:auto;padding:0;width:22px;height:22px}<\/style>\t\t<div class=\"elementor-spacer\">\n\t\t\t<div class=\"elementor-spacer-inner\"><\/div>\n\t\t<\/div>\n\t\t\t\t<\/div>\n\t\t\t\t<\/div>\n\t\t\t\t<div class=\"elementor-element elementor-element-24e8fe1 elementor-widget elementor-widget-heading\" data-id=\"24e8fe1\" data-element_type=\"widget\" data-widget_type=\"heading.default\">\n\t\t\t\t<div class=\"elementor-widget-container\">\n\t\t\t<style>\/*! elementor - v3.19.0 - 29-01-2024 *\/\n.elementor-heading-title{padding:0;margin:0;line-height:1}.elementor-widget-heading .elementor-heading-title[class*=elementor-size-]>a{color:inherit;font-size:inherit;line-height:inherit}.elementor-widget-heading .elementor-heading-title.elementor-size-small{font-size:15px}.elementor-widget-heading .elementor-heading-title.elementor-size-medium{font-size:19px}.elementor-widget-heading .elementor-heading-title.elementor-size-large{font-size:29px}.elementor-widget-heading .elementor-heading-title.elementor-size-xl{font-size:39px}.elementor-widget-heading .elementor-heading-title.elementor-size-xxl{font-size:59px}<\/style><h1 class=\"elementor-heading-title elementor-size-default\">Protecci\u00f3n en Linea<\/h1>\t\t<\/div>\n\t\t\t\t<\/div>\n\t\t\t\t\t<\/div>\n\t\t<\/div>\n\t\t\t\t\t<\/div>\n\t\t<\/section>\n\t\t<div class=\"elementor-element elementor-element-25616e8 e-flex e-con-boxed e-con e-parent\" data-id=\"25616e8\" data-element_type=\"container\" data-settings=\"{&quot;content_width&quot;:&quot;boxed&quot;}\" data-core-v316-plus=\"true\">\n\t\t\t\t\t<div class=\"e-con-inner\">\n\t\t\t\t<div class=\"elementor-element elementor-element-f529b32 elementor-widget elementor-widget-text-editor\" data-id=\"f529b32\" data-element_type=\"widget\" data-widget_type=\"text-editor.default\">\n\t\t\t\t<div class=\"elementor-widget-container\">\n\t\t\t<style>\/*! elementor - v3.19.0 - 29-01-2024 *\/\n.elementor-widget-text-editor.elementor-drop-cap-view-stacked .elementor-drop-cap{background-color:#69727d;color:#fff}.elementor-widget-text-editor.elementor-drop-cap-view-framed .elementor-drop-cap{color:#69727d;border:3px solid;background-color:transparent}.elementor-widget-text-editor:not(.elementor-drop-cap-view-default) .elementor-drop-cap{margin-top:8px}.elementor-widget-text-editor:not(.elementor-drop-cap-view-default) .elementor-drop-cap-letter{width:1em;height:1em}.elementor-widget-text-editor .elementor-drop-cap{float:left;text-align:center;line-height:1;font-size:50px}.elementor-widget-text-editor .elementor-drop-cap-letter{display:inline-block}<\/style>\t\t\t\t<p>\u00a0<\/p><p><strong>FRAUDE ELECTR\u00d3NICO:<\/strong><\/p><p>\u00a0<\/p><p><strong>Explicaci\u00f3n:<\/strong><\/p><p>El fraude electr\u00f3nico, com\u00fanmente conocido como &#8220;phishing&#8221;, es una pr\u00e1ctica delictiva dise\u00f1ada para obtener la identidad del usuario de manera fraudulenta. Este delito implica la obtenci\u00f3n de informaci\u00f3n confidencial, como n\u00fameros de tarjetas de cr\u00e9dito, contrase\u00f1as, datos bancarios u otros detalles personales, a trav\u00e9s de enga\u00f1os. El fraude electr\u00f3nico suele perpetrarse mediante el env\u00edo de correos electr\u00f3nicos o ventanas emergentes falsas.<\/p><p><strong>Mecanismo:<\/strong><\/p><p>En esta forma de estafa, el estafador env\u00eda masivamente mensajes falsos que parecen provenir de instituciones de confianza, como bancos o empresas de tarjetas de cr\u00e9dito. Estos mensajes y sitios web falsos son dise\u00f1ados para enga\u00f1ar a los usuarios y hacerles creer que son leg\u00edtimos. Al responder a estas solicitudes con informaci\u00f3n personal, los usuarios pueden verse comprometidos. Adem\u00e1s, los estafadores suelen incluir enlaces falsos que aparentan dirigir a sitios web oficiales, pero en realidad llevan a p\u00e1ginas fraudulentas donde se recopila la informaci\u00f3n personal del usuario.<\/p><p><strong>Medidas de Protecci\u00f3n:<\/strong><\/p><p>Para protegerse de este tipo de fraude, es importante seguir algunas recomendaciones:<\/p><p>&#8211; Nunca responder a solicitudes de informaci\u00f3n personal por correo electr\u00f3nico. En caso de duda, contactar directamente a la instituci\u00f3n supuestamente emisora del mensaje.<br \/>&#8211; Mantener actualizado el software de seguridad en el equipo, incluyendo sistemas operativos y aplicaciones.<br \/>&#8211; Acceder a sitios web directamente a trav\u00e9s de la barra de direcciones del navegador.<br \/>&#8211; Verificar que los sitios web utilizan cifrado y son seguros.<br \/>&#8211; Informar posibles delitos relacionados con la informaci\u00f3n personal a las autoridades competentes.<\/p><p>Adem\u00e1s, Wilgom Telecomunicaciones S.A.S. implementa filtros anti-phishing para proteger a sus usuarios de este tipo de amenazas.<\/p><p>\u00a0<\/p><p><strong>CORREO NO DESEADO:<\/strong><\/p><p>\u00a0<\/p><p><strong>Explicaci\u00f3n:<\/strong><\/p><p>El correo no deseado, conocido como &#8220;spam&#8221;, hace referencia a los mensajes no solicitados, generalmente de car\u00e1cter publicitario, enviados en grandes cantidades y que pueden perjudicar a los usuarios. Aunque su distribuci\u00f3n puede realizarse por diferentes medios, el correo electr\u00f3nico es el m\u00e1s com\u00fan.<\/p><p><strong>Medidas de Prevenci\u00f3n:<\/strong><\/p><p>Para evitar ser v\u00edctima del spam, es recomendable seguir estas medidas:<\/p><p>&#8211; No abrir archivos adjuntos ni hacer clic en enlaces de correos de remitentes desconocidos.<br \/>&#8211; Evitar hacer clic en el enlace &#8220;Quitar spam&#8221;, ya que puede confirmar la validez de la direcci\u00f3n de correo al spammer.<br \/>&#8211; Utilizar cuentas de correo con combinaciones de letras y n\u00fameros para dificultar su identificaci\u00f3n por parte de los spammers.<br \/>&#8211; No hacer clic en enlaces dentro de correos electr\u00f3nicos desconocidos, ni siquiera si se conoce al remitente.<br \/>&#8211; Verificar manualmente las direcciones URL de los sitios web antes de acceder a ellos.<\/p><p>Wilgom Telecomunicaciones S.A.S. cuenta con una plataforma que protege a sus usuarios del correo no deseado mediante filtros anti-spam.<\/p><p>\u00a0<\/p><p><strong>VIRUS INFORM\u00c1TICOS:<\/strong><\/p><p>\u00a0<\/p><p><strong>Explicaci\u00f3n:<\/strong><\/p><p>Un virus inform\u00e1tico es un programa dise\u00f1ado para replicarse y alterar el funcionamiento normal de un ordenador sin el consentimiento del usuario. Pueden causar da\u00f1os desde la destrucci\u00f3n de datos hasta bloqueos en sistemas.<\/p><p><strong>Medidas de Seguridad:<\/strong><\/p><p>Para protegerse contra los virus inform\u00e1ticos, se sugieren estas medidas:<\/p><p>&#8211; No abrir archivos adjuntos de remitentes desconocidos.<br \/>&#8211; Evitar la instalaci\u00f3n de software pirata o de baja calidad.<br \/>&#8211; Mantener actualizado el sistema operativo y el software de seguridad.<br \/>&#8211; Instalar y actualizar regularmente un programa antivirus.<\/p><p>Wilgom Telecomunicaciones S.A.S. dispone de equipos especializados en la detecci\u00f3n y filtrado de correos con virus para proteger a sus usuarios.<\/p>\t\t\t\t\t\t<\/div>\n\t\t\t\t<\/div>\n\t\t\t\t\t<\/div>\n\t\t\t\t<\/div>\n\t\t\t\t<\/div>\n\t\t","protected":false},"excerpt":{"rendered":"<p>Protecci\u00f3n en Linea \u00a0 FRAUDE ELECTR\u00d3NICO: \u00a0 Explicaci\u00f3n: El fraude electr\u00f3nico, com\u00fanmente conocido como &#8220;phishing&#8221;, es una pr\u00e1ctica delictiva dise\u00f1ada para obtener la identidad del usuario de manera fraudulenta. Este delito implica la obtenci\u00f3n de informaci\u00f3n confidencial, como n\u00fameros de tarjetas de cr\u00e9dito, contrase\u00f1as, datos bancarios u otros detalles personales, a trav\u00e9s de enga\u00f1os. El [&hellip;]<\/p>\n","protected":false},"author":1,"featured_media":0,"parent":0,"menu_order":0,"comment_status":"closed","ping_status":"closed","template":"","meta":{"footnotes":""},"_links":{"self":[{"href":"https:\/\/wilgomtelecomunicaciones.site\/index.php\/wp-json\/wp\/v2\/pages\/590"}],"collection":[{"href":"https:\/\/wilgomtelecomunicaciones.site\/index.php\/wp-json\/wp\/v2\/pages"}],"about":[{"href":"https:\/\/wilgomtelecomunicaciones.site\/index.php\/wp-json\/wp\/v2\/types\/page"}],"author":[{"embeddable":true,"href":"https:\/\/wilgomtelecomunicaciones.site\/index.php\/wp-json\/wp\/v2\/users\/1"}],"replies":[{"embeddable":true,"href":"https:\/\/wilgomtelecomunicaciones.site\/index.php\/wp-json\/wp\/v2\/comments?post=590"}],"version-history":[{"count":7,"href":"https:\/\/wilgomtelecomunicaciones.site\/index.php\/wp-json\/wp\/v2\/pages\/590\/revisions"}],"predecessor-version":[{"id":777,"href":"https:\/\/wilgomtelecomunicaciones.site\/index.php\/wp-json\/wp\/v2\/pages\/590\/revisions\/777"}],"wp:attachment":[{"href":"https:\/\/wilgomtelecomunicaciones.site\/index.php\/wp-json\/wp\/v2\/media?parent=590"}],"curies":[{"name":"wp","href":"https:\/\/api.w.org\/{rel}","templated":true}]}}